?
355
In base 2, what is -100 - -100001?
11101
In base 4, what is 333 + 13?
1012
In base 3, what is 220121 + -1000?
212121
In base 13, what is -109 + 2?
-107
In base 12, what is 397 - -4?
39b
In base 8, what is -7602 - -6?
-7574
In base 12, what is 3 - b7?
-b4
In base 3, what is 100 + -1121?
-1021
In base 2, what is -101 - -1010010000001?
1010001111100
In base 12, what is 5 - -3aba?
3b03
In base 2, what is -10000010 + -111?
-10001001
In base 15, what is 159d + 5?
15a3
In base 8, what is 2 + -31?
-27
In base 16, what is 4 + -56b?
-567
In base 12, what is -22 - 1a?
-40
In base 8, what is -5 + 3?
-2
In base 15, what is -105 - -1?
-104
In base 13, what is 74 + -1?
73
In base 6, what is 0 + -341?
-341
In base 16, what is a + -4b?
-41
In base 12, what is -24 - -3?
-21
In base 2, what is 1011 + -11001?
-1110
In base 3, what is -1 - 1021211?
-1021212
In base 16, what is 139 - -5?
13e
In base 6, what is -10 - -4220?
4210
In base 2, what is 10111010100 + 100?
10111011000
In base 6, what is 2 - 110?
-104
In base 2, what is -11 + -1101111011?
-1101111110
In base 12, what is -36 - -124?
aa
In base 8, what is -3 + 52?
47
In base 12, what is 109 + 1?
10a
In base 6, what is -15 + 1154?
1135
In base 13, what is -2 + -2974?
-2976
In base 4, what is 10 + 31211?
31221
In base 6, what is 15542 + -4?
15534
In base 15, what is 0 + -8c2?
-8c2
In base 11, what is -a - -121?
112
In base 12, what is -a - 131?
-13b
In base 6, what is -1450 - 243?
-2133
In base 3, what is 12 + 11200?
11212
In base 4, what is 2112 - 0?
2112
In base 13, what is -4 - 1232?
-1236
In base 8, what is 140 + 162?
322
In base 6, what is 40 + -5?
31
In base 13, what is 9 - 3b?
-32
In base 5, what is -2 - -230?
223
In base 14, what is -1 + -6c?
-6d
In base 15, what is -5 - -d37?
d32
In base 6, what is -152302 - 2?
-152304
In base 16, what is -4 + -19?
-1d
In base 4, what is -102023 - -1?
-102022
In base 12, what is 5 - -a?
13
In base 5, what is 2 + -41?
-34
In base 16, what is -189 - 7?
-190
In base 7, what is -116 - -26?
-60
In base 8, what is -161 + -10?
-171
In base 6, what is -2 - 55?
-101
In base 3, what is 10 - 1221?
-1211
In base 5, what is -2 + 1312?
1310
In base 13, what is -3 + 18?
15
In base 13, what is -1a74 + 0?
-1a74
In base 14, what is 4676 - 3?
4673
In base 2, what is 1110001 - -100?
1110101
In base 7, what is -613 - -5?
-605
In base 5, what is 11413 + 4?
11422
In base 9, what is 84 - 10?
74
In base 10, what is -33 + 8?
-25
In base 9, what is 2662 + -7?
2654
In base 6, what is -15 + 1125?
1110
In base 8, what is 7 + -1753?
-1744
In base 13, what is -3 + -6?
-9
In base 8, what is 2 - 1147?
-1145
In base 8, what is 6 + 11?
17
In base 7, what is -514 + -4?
-521
In base 9, what is 8 + -2282?
-2273
In base 9, what is 28 - -3?
32
In base 14, what is -9 - 3?
-c
In base 10, what is 23 + 45?
68
In base 11, what is -1 + 275?
274
In base 12, what is -a82 + 0?
-a82
In base 12, what is -2 + 5a?
58
In base 14, what is -5 + d9?
d4
In base 11, what is 1 + 251?
252
In base 2, what is 11 + -11000111000?
-11000110101
In base 16, what is c - 275?
-269
In base 15, what is 8 + -20?
-17
In base 11, what is 11 + 58?
69
In base 10, what is 596 + -1?
595
In base 5, what is -300 + -1?
-301
In base 14, what is 76 + a?
82
In base 4, what is 3203 + 11?
3220
In base 12, what is 3 + 2191?
2194
In base 13, what is -5 + 192?
18a
In base 15, what is -b4 + 1?
-b3
In base 8, what is -731 + -7?
-740
In base 12, what is 1 - ab6?
-ab5
In base 6, what is -425 + 0?
-425
In base 16, what is 4 + -6bd?
-6b9
In base 13, what is 2 + -68?
-66
In base 9, what is -13 + -371?
-384
In base 7, what is 10243 - -2?
10245
In base 11, what is 3 + -929?
-926
In base 6, what is 13 - -201?
214
In base 12, what is -5 - 9?
-12
In base 3, what is -202101222 + 10?
-202101212
In base 16, what is 55 - 4?
51
In base 13, what is -10 + 63?
53
In base 14, what is -381 - 1?
-382
In base 11, what is 27 + -1?
26
In base 10, what is -37 + -123?
-160
In base 6, what is -430015 + 2?
-430013
In base 6, what is 5 - 2032?
-2023
In base 13, what is 473 - -2?
475
In base 4, what is -2020 + 33?
-1321
In base 12, what is -3863 + 1?
-3862
In base 12, what is -267 - -5?
-262
In base 7, what is -435 - 3?
-441
In base 13, what is -271 - 5?
-276
In base 16, what is c + 52?
5e
In base 13, what is 58 - 9c?
-44
In base 9, what is 48 + -2?
46
In base 4, what is 220 + 10?
230
In base 3, what is 2211 + 10112?
20100
In base 4, what is -1 - -320?
313
In base 10, what is 3258 - -1?
3259
In base 14, what is -1572 + 4?
-156c
In base 13, what is 283 - -2?
285
In base 11, what is -1363 + 1?
-1362
In base 7, what is 66 - -1?
100
In base 4, what is 13013 + 11?
13030
In base 4, what is 2020 - 3?
2011
In base 12, what is -4 - 535?
-539
In base 12, what is 1040 - -7?
1047
In base 15, what is -5 + -29?
-2e
In base 7, what is -10 + -1540?
-1550
In base 3, what is -22 + 11122?
11100
In base 14, what is 1 + 223?
224
In base 16, what is -8 - 8b?
-93
In base 11, what is 258 + 44?
2a1
In base 3, what is 11 + -10110?
-10022
In base 7, what is 6 + -520?
-511
In base 14, what is 5 - 81?
-7a
In base 5, what is -332213 - -2?
-332211
In base 5, what is -2 + 124?
122
In base 7, what is -6402 + -3?
-6405
In base 9, what is 8687 - 3?
8684
In base 2, what is -101010101 + 11?
-101010010
In base 14, what is -5 - d6?
-db
In base 2, what is -1010 - 10?
-1100
In base 3, what is 11 + 12020?
12101
In base 3, what is 100 + -101?
-1
In base 14, what is -2 + c5?
c3
In base 15, what is 3 - 1824?
-1821
In base 3, what is -1 - 1012?
-1020
In base 12, what is -133 + 10?
-123
In base 3, what is 1012220 + 12?
1020002
In base 12, what is 333 - -19?
350
In base 16, what is -1 + -10?
-11
In base 8, what is 76 - -33?
131
In base 3, what is -11 - -100110?
100022
In base 16, what is b4 - -d?
c1
In base 13, what is -4 - -277?
273
In base 5, what is 334 + -10?
324
In base 12, what is -4964 + -3?
-4967
In base 7, what is 1 + -14?
-13
In base 4, what is -1311230 + 10?
-1311220
In base 10, what is 4 + -381?
-377
In base 9, what is -12 + -104?
-116
In base 16, what is -1a - 45?
-5f
In base 8, what is 5 - -54?
61
In base 9, what is -111 + 2?
-108
In base 13, what is c293 - 0?
c293
In base 2, what is -101 + -1000001?
-1000110
In base 10, what is 1 + -2243?
-2242
In base 13, what is 3 - -51?
54
In base 5, what is -3 - 240?
-243
In base 13, what is -44 - 5?
-49
In base 16, what is -4 - b6?
-ba
In base 7, what is -21 + 34?
13
In base 5, what is 13134 + 12?
13201
In base 10, what is 1 + -2047?
-2046
In base 13, what is -272 + -6?
-278
In base 4, what is -10 - 132230?
-132300
In base 5, what is -20 + -2104?
-2124
In base 8, what is 21 + -21?
0
In base 4, what is -11 - -22?
11
In base 15, what is -100 - 2?
-102
In base 14, what is -6 - 7?
-d
In base 10, what is -5 - -497?
492
In base 7, what is -3 + 1131?
1125
In base 14, what is a + 11?
1b
In base 3, what is -11110 + -12?
-11122
In base 5, what is -124 + -12?
-141
In base 4, what is -2031 - -11?
-2020
In base 15, what is 1e + -b4?
-95
In base 7, what is 3561 - 41?
3520
In base 15, what is 5 - 1c6?
-1c1
In base 2, what is -1010 + 101001000?
100111110
In base 5, what is -44333 - 0?
-44333
In base 8, what is 22 - 53?
-31
In base 6, what is 242 + -10?
232
In base 14, what is -1 - 6?
-7
In base 14, what is -2a + -4?
-30
In base 10, what is 18 + 54?
72
In base 6, what is 13 + 2435?
2452
In base 8, what is 73 + -11?
62
In base 10, what is -1 - -110?
109
In base 15, what is -26 + -10?
-36
In base 14, what is 7 - -4?
b
In base 12, what is 1 - 91a?
-919
In base 5, what is -1402 - -10?
-1342
In base 14, what is -2 + -b63?
-b65
In base 6, what is 32 + -115?
-43
In base 7, what is -140 - 312?
-452
In base 16, what is -3 - 52?
-55
In base 8, what is -72 - 1?
-73
In base 10, what is 384 - 0?
384
In base 10, what is 1 - 2?
-1
In base 16, what is 1 + 1c?
1d
In base 9, what is -11 - 1267?
-1278
In base 12, what is 38 - 0?
38
In base 16, what is -6 + -d?
-13
In base 10, what is -47 - -5?
-42
In base 6, what is 5222 + -1?
5221
In base 3, what is -11 - -20222?
20211
In base 16, what is -5ad + -3?
-5b0
In base 12, what is -88 + -3?
-8b
In base 15, what is 0 + -b8?
-b8
In base 10, what is -21 - -7?
-14
In base 10, what is -1616 - -15?
-1601
In base 4, what is 101 + 131131?
131232
In base 7, what is -1664 -